{"id":249,"date":"2025-07-02T14:12:16","date_gmt":"2025-07-02T12:12:16","guid":{"rendered":"http:\/\/staging.top-global-brands.de\/?page_id=249"},"modified":"2025-07-10T15:24:53","modified_gmt":"2025-07-10T13:24:53","slug":"impressum","status":"publish","type":"page","link":"https:\/\/top-global-brands.de\/?page_id=249","title":{"rendered":"Impressum"},"content":{"rendered":"\t\t<div data-elementor-type=\"wp-page\" data-elementor-id=\"249\" class=\"elementor elementor-249\" data-elementor-post-type=\"page\">\n\t\t\t\t<div class=\"elementor-element elementor-element-92973eb e-flex e-con-boxed e-con e-parent\" data-id=\"92973eb\" data-element_type=\"container\" data-e-type=\"container\" data-settings=\"{&quot;background_background&quot;:&quot;gradient&quot;}\">\n\t\t\t\t\t<div class=\"e-con-inner\">\n\t\t<div class=\"elementor-element elementor-element-88b6734 e-con-full e-flex e-con e-child\" data-id=\"88b6734\" data-element_type=\"container\" data-e-type=\"container\">\n\t\t<div class=\"elementor-element elementor-element-beb618b e-con-full e-flex e-con e-child\" data-id=\"beb618b\" data-element_type=\"container\" data-e-type=\"container\">\n\t\t\t\t<div class=\"elementor-element elementor-element-5a8296d elementor-widget elementor-widget-heading\" data-id=\"5a8296d\" data-element_type=\"widget\" data-e-type=\"widget\" data-widget_type=\"heading.default\">\n\t\t\t\t\t<h2 class=\"elementor-heading-title elementor-size-default\">Impressum<\/h2>\t\t\t\t<\/div>\n\t\t\t\t<div class=\"elementor-element elementor-element-ce1dc65 elementor-widget-divider--view-line elementor-widget elementor-widget-divider\" data-id=\"ce1dc65\" data-element_type=\"widget\" data-e-type=\"widget\" data-widget_type=\"divider.default\">\n\t\t\t\t\t\t\t<div class=\"elementor-divider\">\n\t\t\t<span class=\"elementor-divider-separator\">\n\t\t\t\t\t\t<\/span>\n\t\t<\/div>\n\t\t\t\t\t\t<\/div>\n\t\t\t\t<div class=\"elementor-element elementor-element-bb77425 elementor-widget elementor-widget-text-editor\" data-id=\"bb77425\" data-element_type=\"widget\" data-e-type=\"widget\" data-widget_type=\"text-editor.default\">\n\t\t\t\t\t\t\t\t\t<p>Angaben gem\u00e4\u00df \u00a7 5 TMG:<\/p><p>Typ der verantwortlichen Stelle \/ Unternehmensform: Aktiengesellschaft (AG)<\/p><p>Albrech &amp; Cie. Verm\u00f6gensverwaltung AG<br \/>Breite Stra\u00dfe 161-167,<br \/>50667 K\u00f6ln<\/p><p>\u00a0<\/p><p><strong>Vertreten durch:<\/strong><br \/>Stephan Albrech, Vorstandsvorsitzender<br \/>David Bienbeck, Vorstand<\/p><p>\u00a0<\/p><p><strong>Aufsichtsrat:<\/strong><br \/>R\u00fcdiger Gu\u00dfmann (Vors.)<br \/>Hermann Josef Pelzer (Stv.)<br \/>Dr. Daniel Vos<\/p><p>\u00a0<\/p><p><strong>Kontakt:<\/strong><br \/>Telefon:\u00a0<a href=\"phonemondo:+4922192012500\"><span class=\"webex-click-to-call\"><span tabindex=\"0\" data-testid=\"toolTipHover\"><span class=\"tooltip\">+49 (0)221 92012-500<\/span><\/span><\/span><\/a><br \/>Fax:\u00a0<a href=\"phonemondo:+4922192012550\"><span class=\"webex-click-to-call\"><span tabindex=\"0\" data-testid=\"toolTipHover\"><span class=\"tooltip\">+49 (0)221 92012-550<\/span><\/span><\/span><\/a><br \/>E-Mail: info@albrech.com<br \/>Website:\u00a0<a href=\"https:\/\/www.albrech.com\/\" rel=\"nofollow noopener\" target=\"_blank\">https:\/\/www.albrech.com<\/a><\/p><p>\u00a0<\/p><p><strong>Registereintrag:<\/strong><br \/>Eintragung im Handelsregister<br \/>Registergericht: Amtsgericht K\u00f6ln<br \/>Registernummer: HRB 27932<\/p><p>\u00a0<\/p><p><strong>Steuernummer:<\/strong><br \/>215 5900 3249<\/p><p>\u00a0<\/p><p><strong>Umsatzsteuer-ID:<\/strong><br \/>Umsatzsteuer-Identifikationsnummer gem\u00e4\u00df \u00a727 a Umsatzsteuergesetz:<br \/>DE 180747732<\/p><p>\u00a0<\/p><p><strong>Zust\u00e4ndige Aufsichtsbeh\u00f6rde:<\/strong><br \/>Bundesanstalt f\u00fcr Finanzdienstleistungsaufsicht<br \/>Graurheindorfer Stra\u00dfe 108,<br \/>D-53117 Bonn<br \/><a href=\"https:\/\/www.bafin.de\/DE\/Startseite\/startseite_node.html\" rel=\"nofollow noopener\" target=\"_blank\">https:\/\/www.bafin.de\/DE\/Startseite\/startseite_node.html<\/a><\/p><p>Der Gesellschaft wurde die Erlaubnis gem. \u00a764e Abs. 2 KWG f\u00fcr die folgenden Dienste erteilt:<\/p><ul><li>Anlagevermittlung (\u00a7 1 Abs. 1a Satz 2 Nr. 1 KWG)<\/li><li>Anlageberatung (\u00a7 1 Abs. 1a Satz 2 Nr. 1a KWG)<\/li><li>Finanzportfolioverwaltung (\u00a7 1 Abs. 1a Satz 2 Nr. 3 KWG)<\/li><\/ul><p>\u00a0<\/p><p><strong>Angaben zur Berufs- und Verm\u00f6gensschadenhaftpflichtversicherung:<\/strong><br \/>Allianz Versicherungs-AG<br \/>K\u00f6niginstr.28<br \/>80802 M\u00fcnchen<\/p><p>\u00a0<\/p><p><strong>Hinweis auf VuV-Ombudsstelle:<\/strong><br \/>F\u00fcr verm\u00f6gensrechtliche Streitigkeiten aus Finanzdienstleistungsvertr\u00e4gen ist die Schlichtungsstelle des Verbands unabh\u00e4ngiger Verm\u00f6gensverwalter Deutschland e.V. zust\u00e4ndig:<br \/>VuV-Ombudsstelle<br \/>Stresemannallee 30,<br \/>60596 Frankfurt am Main<br \/><a href=\"http:\/\/vuv-ombudsstelle.de\/\" rel=\"nofollow noopener\" target=\"_blank\">http:\/\/vuv-ombudsstelle.de<\/a><br \/>Wir sind Mitglied im Verband unabh\u00e4ngiger Verm\u00f6gensverwalter Deutschland e.V. und nach dessen Satzung verpflichtet, an Streitbeilegungsverfahren der VuV-Ombudsstelle teilzunehmen.<\/p><p>\u00a0<\/p><p><strong>Streitschlichtung:<\/strong><br \/>Die Europ\u00e4ische Kommission stellt eine Plattform zur Online-Streitbeilegung (OS) bereit:<br \/><a href=\"https:\/\/ec.europa.eu\/consumers\/odr\" rel=\"nofollow noopener\" target=\"_blank\">https:\/\/ec.europa.eu\/consumers\/odr<\/a>.<br \/>Unsere E-Mail-Adresse finden Sie oben im Impressum.<br \/>Wir sind nicht bereit oder verpflichtet, an Streitbeilegungsverfahren vor einer Verbraucherschlichtungsstelle teilzunehmen.<\/p><p>\u00a0<\/p><p><strong>Pflichtver\u00f6ffentlichung gem\u00e4\u00df Institutsverg\u00fctungsverordnung (InstitutsVergV):<\/strong><br \/>Gem\u00e4\u00df Institutsverg\u00fctungsverordnung vom 13. Dezember 2013 ist unser Haus als Finanzdienstleistungsunternehmen gem\u00e4\u00df \u00a725a Absatz 1 Satz 6 KWG verpflichtet, \u00fcber die Ausgestaltung eines angemessenen Verg\u00fctungssystems zu informieren.<br \/>Die Gesellschaft ist nach den Vorschriften der InstitutsVergV aufgrund der Bilanzsumme und auf Basis einer eigenen Risikoanalyse nicht als bedeutendes Institut einzustufen. Die besonderen Regelungen f\u00fcr bedeutende Institute sind daher von der Gesellschaft nicht anzuwenden. Die Albrech &amp; Cie. Verm\u00f6gensverwaltung AG unterliegt daher den allgemeinen Anforderungen der InstitutsVergV.<br \/>Der Vorstand sowie s\u00e4mtliche Mitarbeiter erhalten vertraglich festgelegte feste Bez\u00fcge. In zwei F\u00e4llen vereinbarte variable Bez\u00fcge sind allein von der nachhaltig positiven Ergebnislage der Gesellschaft abh\u00e4ngig. Es werden keinerlei Anreize i.S.d. \u00a7\u00a7 5 ff. InstitutsVergV gew\u00e4hrt.<br \/>Die Verg\u00fctungen sind marktgerecht, sodass eine angemessene qualitative und quantitative Personalausstattung sowie eine nachhaltige Unternehmensentwicklung durch das Verg\u00fctungssystem angestrebt werden kann. Den Anforderungen der InstitutsVergV wird entsprochen.<\/p><p>\u00a0<\/p><p><strong>Konzeption, Gestaltung, Texte, Programmierung, Pflege:<\/strong><br \/><a href=\"http:\/\/www.lawelawe.de\/\" rel=\"nofollow noopener\" target=\"_blank\">www.lawelawe.de<\/a><\/p><p><strong>Verkaufsbeschr\u00e4nkung<\/strong><br \/>Die Inhalte, Informationen und Dokumente auf dieser Internetseite gelten nicht als Angebot oder Aufforderung zum Kauf durch nat\u00fcrliche oder juristische Person in einem Hoheitsgebiet, in dem ein solches Angebot oder eine solche Aufforderung rechtswidrig ist oder in dem die ein solches Angebot oder eine solche Aufforderung unterbreitende nat\u00fcrliche oder juristische Person dazu nicht die Voraussetzungen besitzt, noch gegen\u00fcber einer nat\u00fcrlichen oder juristischen Person, der gegen\u00fcber die Unterbreitung eines solchen Angebots oder einer solchen Aufforderung rechtswidrig ist.<\/p><p><strong>Keine Empfehlung und kein Angebot von Dienstleistungen<\/strong><br \/>Die auf dieser Internetpr\u00e4senz enthaltenen Inhalte dienen lediglich informativen Zwecken und begr\u00fcnden keine Gesch\u00e4ftsbeziehung.<br \/>Insbesondere stellen die bereitgestellten Angaben keine Rechts-, Steuer- oder Anlageberatung dar. Rechtlich ma\u00dfgeblich sind ausschlie\u00dflich die jeweiligen Verkaufsprospekte, die Sie in elektronischer Form abrufen k\u00f6nnen. Eine Entscheidung \u00fcber einen Kauf sollten Sie erst nach Vorlage der vollst\u00e4ndigen Unterlagen und Risikohinweise sowie nach vorheriger Rechts-, Steuer- und Anlageberatung treffen. Die auf dieser Website bereitgestellten Informationen sind nicht auf Ihre pers\u00f6nliche Situation zugeschnitten oder daran orientiert. Daher k\u00f6nnen bereitgestellte Informationen f\u00fcr Ihre pers\u00f6nlichen Anlageentscheidungen v\u00f6llig ungeeignet oder unzutreffend sein. Alle Daten dienen ausschlie\u00dflich Ihrer Information und stellen kein Angebot oder keine Aufforderung zur Abgabe eines Angebotes zum Kauf oder Verkauf von bestimmten Produkten dar.<\/p><p><strong>In die Zukunft gerichtete Aussagen<\/strong><br \/>Bitte beachten Sie, dass s\u00e4mtliche f\u00fcr die Zukunft getroffenen Aussagen Zielvorstellungen sind, deren Erreichen unvorhersehbaren Risiken unterliegt und daher in keiner Weise garantiert werden kann. Der Wert von Anlagefonds kann jederzeit steigen und fallen. Die zuk\u00fcnftige Performance von Anlageprodukten l\u00e4sst sich nicht aus der aufgezeigten, historischen Entwicklung ableiten. Aus diesem Grund ist eine gute Performance in der Vergangenheit kein verl\u00e4sslicher Indikator f\u00fcr eine positive Wertentwicklung in der Zukunft.<\/p><p><strong>Haftungsausschluss:<\/strong><br \/><strong>Haftung f\u00fcr Inhalte<\/strong><br \/>Die Inhalte unserer Seiten wurden mit gr\u00f6\u00dfter Sorgfalt erstellt. F\u00fcr die Richtigkeit, Vollst\u00e4ndigkeit und Aktualit\u00e4t der Inhalte k\u00f6nnen wir jedoch keine Gew\u00e4hr \u00fcbernehmen. Als Diensteanbieter sind wir gem\u00e4\u00df \u00a7 7 Abs.1 TMG f\u00fcr eigene Inhalte auf diesen Seiten nach den allgemeinen Gesetzen verantwortlich. Nach \u00a7\u00a7 8 bis 10 TMG sind wir als Diensteanbieter jedoch nicht verpflichtet, \u00fcbermittelte oder gespeicherte fremde Informationen zu \u00fcberwachen oder nach Umst\u00e4nden zu forschen, die auf eine rechtswidrige T\u00e4tigkeit hinweisen. Verpflichtungen zur Entfernung oder Sperrung der Nutzung von Informationen nach den allgemeinen Gesetzen bleiben hiervon unber\u00fchrt. Eine diesbez\u00fcgliche Haftung ist jedoch erst ab dem Zeitpunkt der Kenntnis einer konkreten Rechtsverletzung m\u00f6glich. Bei Bekanntwerden von entsprechenden Rechtsverletzungen werden wir diese Inhalte umgehend entfernen.<\/p><p><strong>Haftung f\u00fcr Links<\/strong><br \/>Unser Angebot enth\u00e4lt Links zu externen Webseiten Dritter, auf deren Inhalte wir keinen Einfluss haben. Deshalb k\u00f6nnen wir f\u00fcr diese fremden Inhalte auch keine Gew\u00e4hr \u00fcbernehmen. F\u00fcr die Inhalte der verlinkten Seiten ist stets der jeweilige Anbieter oder Betreiber der Seiten verantwortlich. Die verlinkten Seiten wurden zum Zeitpunkt der Verlinkung auf m\u00f6gliche Rechtsverst\u00f6\u00dfe \u00fcberpr\u00fcft. Rechtswidrige Inhalte waren zum Zeitpunkt der Verlinkung nicht erkennbar. Eine permanente inhaltliche Kontrolle der verlinkten Seiten ist jedoch ohne konkrete Anhaltspunkte einer Rechtsverletzung nicht zumutbar. Bei Bekanntwerden von Rechtsverletzungen werden wir derartige Links umgehend entfernen.<\/p><p><strong>Urheberrecht<\/strong><br \/>Die durch die Seitenbetreiber erstellten bzw. verwendeten Inhalte und Werke auf diesen Seiten unterliegen dem deutschen Urheberrecht. Die Vervielf\u00e4ltigung, Bearbeitung, Verbreitung und jede Art der Verwertung au\u00dferhalb der Grenzen des Urheberrechtes bed\u00fcrfen der Zustimmung des jeweiligen Autors bzw. Erstellers. Downloads und Kopien dieser Seite sind nur f\u00fcr den privaten, nicht kommerziellen Gebrauch gestattet. Soweit die Inhalte auf dieser Seite nicht vom Betreiber erstellt wurden, werden die Urheberrechte Dritter beachtet. Insbesondere werden Inhalte Dritter als solche gekennzeichnet. Sollten Sie trotzdem auf eine Urheberrechtsverletzung aufmerksam werden, bitten wir um einen entsprechenden Hinweis. Bei Bekanntwerden von Rechtsverletzungen werden wir derartige Inhalte umgehend entfernen.<\/p>\t\t\t\t\t\t\t\t<\/div>\n\t\t\t\t<\/div>\n\t\t\t\t<\/div>\n\t\t\t\t\t<\/div>\n\t\t\t\t<\/div>\n\t\t\t\t<\/div>\n\t\t","protected":false},"excerpt":{"rendered":"<p>Impressum Angaben gem\u00e4\u00df \u00a7 5 TMG: Typ der verantwortlichen Stelle \/ Unternehmensform: Aktiengesellschaft (AG) Albrech &amp; Cie. Verm\u00f6gensverwaltung AGBreite Stra\u00dfe 161-167,50667 K\u00f6ln \u00a0 Vertreten durch:Stephan Albrech, VorstandsvorsitzenderDavid Bienbeck, Vorstand \u00a0 Aufsichtsrat:R\u00fcdiger Gu\u00dfmann (Vors.)Hermann Josef Pelzer (Stv.)Dr. Daniel Vos \u00a0 Kontakt:Telefon:\u00a0+49 (0)221 92012-500Fax:\u00a0+49 (0)221 92012-550E-Mail: info@albrech.comWebsite:\u00a0https:\/\/www.albrech.com \u00a0 Registereintrag:Eintragung im HandelsregisterRegistergericht: Amtsgericht K\u00f6lnRegisternummer: HRB 27932 \u00a0 Steuernummer:215 [&hellip;]<\/p>\n","protected":false},"author":1,"featured_media":0,"parent":0,"menu_order":0,"comment_status":"closed","ping_status":"closed","template":"","meta":{"_acf_changed":false,"footnotes":""},"class_list":["post-249","page","type-page","status-publish","hentry"],"acf":[],"_links":{"self":[{"href":"https:\/\/top-global-brands.de\/index.php?rest_route=\/wp\/v2\/pages\/249","targetHints":{"allow":["GET"]}}],"collection":[{"href":"https:\/\/top-global-brands.de\/index.php?rest_route=\/wp\/v2\/pages"}],"about":[{"href":"https:\/\/top-global-brands.de\/index.php?rest_route=\/wp\/v2\/types\/page"}],"author":[{"embeddable":true,"href":"https:\/\/top-global-brands.de\/index.php?rest_route=\/wp\/v2\/users\/1"}],"replies":[{"embeddable":true,"href":"https:\/\/top-global-brands.de\/index.php?rest_route=%2Fwp%2Fv2%2Fcomments&post=249"}],"version-history":[{"count":8,"href":"https:\/\/top-global-brands.de\/index.php?rest_route=\/wp\/v2\/pages\/249\/revisions"}],"predecessor-version":[{"id":499,"href":"https:\/\/top-global-brands.de\/index.php?rest_route=\/wp\/v2\/pages\/249\/revisions\/499"}],"wp:attachment":[{"href":"https:\/\/top-global-brands.de\/index.php?rest_route=%2Fwp%2Fv2%2Fmedia&parent=249"}],"curies":[{"name":"wp","href":"https:\/\/api.w.org\/{rel}","templated":true}]}}